{"id":19501,"date":"2022-10-19T12:44:36","date_gmt":"2022-10-19T12:44:36","guid":{"rendered":"https:\/\/www.valsmart.ec\/experiencial\/?page_id=19501"},"modified":"2024-01-28T20:09:38","modified_gmt":"2024-01-28T20:09:38","slug":"instructor","status":"publish","type":"page","link":"https:\/\/www.valsmart.ec\/experiencial\/instructor\/","title":{"rendered":"Instructor"},"content":{"rendered":"\t\t<div data-elementor-type=\"wp-page\" data-elementor-id=\"19501\" class=\"elementor elementor-19501\" data-elementor-post-type=\"page\">\n\t\t\t\t\t\t<section class=\"elementor-section elementor-top-section elementor-element elementor-element-9e6b3e2 elementor-section-boxed elementor-section-height-default elementor-section-height-default\" data-id=\"9e6b3e2\" data-element_type=\"section\" data-e-type=\"section\">\n\t\t\t\t\t\t<div class=\"elementor-container elementor-column-gap-default\">\n\t\t\t\t\t<div class=\"elementor-column elementor-col-100 elementor-top-column elementor-element elementor-element-97fd12f\" data-id=\"97fd12f\" data-element_type=\"column\" data-e-type=\"column\">\n\t\t\t<div class=\"elementor-widget-wrap elementor-element-populated\">\n\t\t\t\t\t\t<div class=\"elementor-element elementor-element-7924b84 elementor-widget elementor-widget-text-editor\" data-id=\"7924b84\" data-element_type=\"widget\" data-e-type=\"widget\" data-widget_type=\"text-editor.default\">\n\t\t\t\t<div class=\"elementor-widget-container\">\n\t\t\t\t\t\t\t\t\t<h2>DIRECTORA EJECUTIVA Y MASTER COACH<\/h2>\t\t\t\t\t\t\t\t<\/div>\n\t\t\t\t<\/div>\n\t\t\t\t\t<\/div>\n\t\t<\/div>\n\t\t\t\t\t<\/div>\n\t\t<\/section>\n\t\t\t\t<section class=\"elementor-section elementor-top-section elementor-element elementor-element-92d324b elementor-section-boxed elementor-section-height-default elementor-section-height-default\" data-id=\"92d324b\" data-element_type=\"section\" data-e-type=\"section\">\n\t\t\t\t\t\t<div class=\"elementor-container elementor-column-gap-default\">\n\t\t\t\t\t<div class=\"elementor-column elementor-col-50 elementor-top-column elementor-element elementor-element-01c5473\" data-id=\"01c5473\" data-element_type=\"column\" data-e-type=\"column\">\n\t\t\t<div class=\"elementor-widget-wrap elementor-element-populated\">\n\t\t\t\t\t\t<div class=\"elementor-element elementor-element-5a7ddfb elementor-widget elementor-widget-image\" data-id=\"5a7ddfb\" data-element_type=\"widget\" data-e-type=\"widget\" data-widget_type=\"image.default\">\n\t\t\t\t<div class=\"elementor-widget-container\">\n\t\t\t\t\t\t\t\t\t\t\t\t\t\t\t<img fetchpriority=\"high\" decoding=\"async\" width=\"760\" height=\"1024\" src=\"https:\/\/www.valsmart.ec\/experiencial\/wp-content\/uploads\/2023\/12\/RAlvarado-760x1024.png\" class=\"attachment-large size-large wp-image-22883\" alt=\"\" srcset=\"https:\/\/www.valsmart.ec\/experiencial\/wp-content\/uploads\/2023\/12\/RAlvarado-760x1024.png 760w, https:\/\/www.valsmart.ec\/experiencial\/wp-content\/uploads\/2023\/12\/RAlvarado-223x300.png 223w, https:\/\/www.valsmart.ec\/experiencial\/wp-content\/uploads\/2023\/12\/RAlvarado-768x1035.png 768w, https:\/\/www.valsmart.ec\/experiencial\/wp-content\/uploads\/2023\/12\/RAlvarado-1000x1348.png 1000w, https:\/\/www.valsmart.ec\/experiencial\/wp-content\/uploads\/2023\/12\/RAlvarado.png 1012w\" sizes=\"(max-width: 760px) 100vw, 760px\" \/>\t\t\t\t\t\t\t\t\t\t\t\t\t\t\t<\/div>\n\t\t\t\t<\/div>\n\t\t\t\t\t<\/div>\n\t\t<\/div>\n\t\t\t\t<div class=\"elementor-column elementor-col-50 elementor-top-column elementor-element elementor-element-9cf6f55\" data-id=\"9cf6f55\" data-element_type=\"column\" data-e-type=\"column\">\n\t\t\t<div class=\"elementor-widget-wrap elementor-element-populated\">\n\t\t\t\t\t\t<div class=\"elementor-element elementor-element-08c2a0d elementor-widget elementor-widget-image\" data-id=\"08c2a0d\" data-element_type=\"widget\" data-e-type=\"widget\" data-widget_type=\"image.default\">\n\t\t\t\t<div class=\"elementor-widget-container\">\n\t\t\t\t\t\t\t\t\t\t\t\t\t\t\t<img decoding=\"async\" width=\"1536\" height=\"944\" src=\"https:\/\/www.valsmart.ec\/experiencial\/wp-content\/uploads\/2023\/12\/logoRocio-1536x944.png\" class=\"attachment-1536x1536 size-1536x1536 wp-image-22884\" alt=\"\" srcset=\"https:\/\/www.valsmart.ec\/experiencial\/wp-content\/uploads\/2023\/12\/logoRocio-1536x944.png 1536w, https:\/\/www.valsmart.ec\/experiencial\/wp-content\/uploads\/2023\/12\/logoRocio-300x184.png 300w, https:\/\/www.valsmart.ec\/experiencial\/wp-content\/uploads\/2023\/12\/logoRocio-1024x630.png 1024w, https:\/\/www.valsmart.ec\/experiencial\/wp-content\/uploads\/2023\/12\/logoRocio-768x472.png 768w, https:\/\/www.valsmart.ec\/experiencial\/wp-content\/uploads\/2023\/12\/logoRocio-1000x615.png 1000w, https:\/\/www.valsmart.ec\/experiencial\/wp-content\/uploads\/2023\/12\/logoRocio.png 1659w\" sizes=\"(max-width: 1536px) 100vw, 1536px\" \/>\t\t\t\t\t\t\t\t\t\t\t\t\t\t\t<\/div>\n\t\t\t\t<\/div>\n\t\t\t\t<div class=\"elementor-element elementor-element-1c350b4 elementor-widget elementor-widget-text-editor\" data-id=\"1c350b4\" data-element_type=\"widget\" data-e-type=\"widget\" data-widget_type=\"text-editor.default\">\n\t\t\t\t<div class=\"elementor-widget-container\">\n\t\t\t\t\t\t\t\t\t<p>Master en Psicoterapia, Ingeniera Comercial, con Maestr\u00eda en Direcci\u00f3n Estrat\u00e9gica de Recursos Humanos y Diplomado en Gesti\u00f3n del Talento Humano, Master Coach, Coach de familias, Educadora experiencial con \u00e9nfasis en Met\u00e1foras, de la escuela de postgrado de la Universidad Dr. Jos\u00e9 Mat\u00edas Delgado de El Salvador, Coach Ontol\u00f3gica Corporativa, Facilitadora en la metodolog\u00eda Legos Serious Play, Team Coach 6.0, Master en Liderazgo y desarrollo organizacional con Coaching y Neurociencia, Executive Master\u00b4s in Leadership Skills Developed in Harvard, Coach internacional (ICF), Diplomada y facilitadora en Aprendizaje Experiencial por la AIAE, <b>Experta<\/b> <b>en<\/b><b> TEAM building<\/b>, Experta en Inteligencia Ejecutiva, Master Trainer Coaching Play, Master trainer en juegos de liderazgo, Master life speaker trainer, Facilitadora en Herramientas de Neurociencia para el bienestar, Master Speaker, Docente universitaria.<\/p><p>Fundadora, Directora Ejecutiva, Facilitadora y Coach en Valsmart, empresa dedicada a la formaci\u00f3n y desarrollo de personas a trav\u00e9s del coaching, aprendizaje experiencial basado en met\u00e1foras, neurociencia, desarrollo humano y escuelas de liderazgo. Posee 24 a\u00f1os de experiencia en la Gesti\u00f3n Integral del Talento Humano por Competencias y formaci\u00f3n de l\u00edderes y equipos de alto rendimiento, motivaci\u00f3n corporativa, prevenci\u00f3n de riesgos psicosociales y \u00e9xito comercial.<\/p><p>Trabaja con metodologias innovadoras en sus procesos de intervenci\u00f3n, tales como: Aprendizaje experiencial con \u00e9nfasis en met\u00e1foras, herramientas l\u00fadicas y gamificaci\u00f3n, neurociencia, inteligencia ejecutiva, legos serius play, coaching play, PNL y arteterapia, pionera en el Ecuador, y representante de marcas internacionales. Creadora de la marca Koump\u00ed Game juegos con prop\u00f3sito, dise\u00f1ando juegos l\u00fadicos para familias, con lograr insight dentro de sus participantes que los movilicen a nuevos resultados y aprendizajes significativos.<\/p><p>Ganadora de la Batalla de Speakers, Cap\u00edtulo Ecuador, Reconocida como Speaker del a\u00f1o 2020 reconocimiento CIC internacional, Gran Maestro internacional. Ha participado como representante del Ecuador en la batalla de speakers internacional, es tambi\u00e9n conferencista internacional, ha participado en varios eventos en el exterior como, Congreso Coaching play en Cartagena de Indias y Congreso Metatrainer en Rep\u00fablica Dominicana, Programa de autocuidado en Chile.<\/p>\t\t\t\t\t\t\t\t<\/div>\n\t\t\t\t<\/div>\n\t\t\t\t\t<\/div>\n\t\t<\/div>\n\t\t\t\t\t<\/div>\n\t\t<\/section>\n\t\t\t\t<section class=\"elementor-section elementor-top-section elementor-element elementor-element-de1e40a elementor-section-boxed elementor-section-height-default elementor-section-height-default\" data-id=\"de1e40a\" data-element_type=\"section\" data-e-type=\"section\">\n\t\t\t\t\t\t<div class=\"elementor-container elementor-column-gap-default\">\n\t\t\t\t\t<div class=\"elementor-column elementor-col-100 elementor-top-column elementor-element elementor-element-350f5e7\" data-id=\"350f5e7\" data-element_type=\"column\" data-e-type=\"column\">\n\t\t\t<div class=\"elementor-widget-wrap elementor-element-populated\">\n\t\t\t\t\t\t<div class=\"elementor-element elementor-element-903373a elementor-widget elementor-widget-spacer\" data-id=\"903373a\" data-element_type=\"widget\" data-e-type=\"widget\" data-widget_type=\"spacer.default\">\n\t\t\t\t<div class=\"elementor-widget-container\">\n\t\t\t\t\t\t\t<div class=\"elementor-spacer\">\n\t\t\t<div class=\"elementor-spacer-inner\"><\/div>\n\t\t<\/div>\n\t\t\t\t\t\t<\/div>\n\t\t\t\t<\/div>\n\t\t\t\t<div class=\"elementor-element elementor-element-31cc8c1 elementor-widget-widescreen__width-inherit elementor-widget elementor-widget-image\" data-id=\"31cc8c1\" data-element_type=\"widget\" data-e-type=\"widget\" data-widget_type=\"image.default\">\n\t\t\t\t<div class=\"elementor-widget-container\">\n\t\t\t\t\t\t\t\t\t\t\t\t\t\t\t<img decoding=\"async\" width=\"1024\" height=\"768\" src=\"https:\/\/www.valsmart.ec\/experiencial\/wp-content\/uploads\/2023\/12\/logos.png\" class=\"attachment-large size-large wp-image-22912\" alt=\"\" srcset=\"https:\/\/www.valsmart.ec\/experiencial\/wp-content\/uploads\/2023\/12\/logos.png 1024w, https:\/\/www.valsmart.ec\/experiencial\/wp-content\/uploads\/2023\/12\/logos-300x225.png 300w, https:\/\/www.valsmart.ec\/experiencial\/wp-content\/uploads\/2023\/12\/logos-768x576.png 768w, https:\/\/www.valsmart.ec\/experiencial\/wp-content\/uploads\/2023\/12\/logos-1000x750.png 1000w\" sizes=\"(max-width: 1024px) 100vw, 1024px\" \/>\t\t\t\t\t\t\t\t\t\t\t\t\t\t\t<\/div>\n\t\t\t\t<\/div>\n\t\t\t\t\t<\/div>\n\t\t<\/div>\n\t\t\t\t\t<\/div>\n\t\t<\/section>\n\t\t\t\t<section class=\"elementor-section elementor-top-section elementor-element elementor-element-70c109a elementor-section-boxed elementor-section-height-default elementor-section-height-default\" data-id=\"70c109a\" data-element_type=\"section\" data-e-type=\"section\">\n\t\t\t\t\t\t<div class=\"elementor-container elementor-column-gap-default\">\n\t\t\t\t\t<div class=\"elementor-column elementor-col-100 elementor-top-column elementor-element elementor-element-fbf1203\" data-id=\"fbf1203\" data-element_type=\"column\" data-e-type=\"column\">\n\t\t\t<div class=\"elementor-widget-wrap\">\n\t\t\t\t\t\t\t<\/div>\n\t\t<\/div>\n\t\t\t\t\t<\/div>\n\t\t<\/section>\n\t\t\t\t<\/div>\n\t\t","protected":false},"excerpt":{"rendered":"<p>DIRECTORA EJECUTIVA Y MASTER COACH Master en Psicoterapia, Ingeniera Comercial, con Maestr\u00eda en Direcci\u00f3n Estrat\u00e9gica de Recursos Humanos y Diplomado en Gesti\u00f3n del Talento Humano, Master Coach, Coach de familias, Educadora experiencial con \u00e9nfasis en Met\u00e1foras, de la escuela de postgrado de la Universidad Dr. Jos\u00e9 Mat\u00edas Delgado de El Salvador, Coach Ontol\u00f3gica Corporativa, Facilitadora [&hellip;]<\/p>\n","protected":false},"author":1,"featured_media":0,"parent":0,"menu_order":0,"comment_status":"closed","ping_status":"closed","template":"elementor_header_footer","meta":{"footnotes":""},"class_list":["post-19501","page","type-page","status-publish","hentry"],"brizy_media":[],"_links":{"self":[{"href":"https:\/\/www.valsmart.ec\/experiencial\/wp-json\/wp\/v2\/pages\/19501","targetHints":{"allow":["GET"]}}],"collection":[{"href":"https:\/\/www.valsmart.ec\/experiencial\/wp-json\/wp\/v2\/pages"}],"about":[{"href":"https:\/\/www.valsmart.ec\/experiencial\/wp-json\/wp\/v2\/types\/page"}],"author":[{"embeddable":true,"href":"https:\/\/www.valsmart.ec\/experiencial\/wp-json\/wp\/v2\/users\/1"}],"replies":[{"embeddable":true,"href":"https:\/\/www.valsmart.ec\/experiencial\/wp-json\/wp\/v2\/comments?post=19501"}],"version-history":[{"count":18,"href":"https:\/\/www.valsmart.ec\/experiencial\/wp-json\/wp\/v2\/pages\/19501\/revisions"}],"predecessor-version":[{"id":22950,"href":"https:\/\/www.valsmart.ec\/experiencial\/wp-json\/wp\/v2\/pages\/19501\/revisions\/22950"}],"wp:attachment":[{"href":"https:\/\/www.valsmart.ec\/experiencial\/wp-json\/wp\/v2\/media?parent=19501"}],"curies":[{"name":"wp","href":"https:\/\/api.w.org\/{rel}","templated":true}]}}