{"id":22025,"date":"2023-02-24T14:48:50","date_gmt":"2023-02-24T09:18:50","guid":{"rendered":"https:\/\/www.valsmart.ec\/experiencial\/?page_id=22025"},"modified":"2026-03-03T01:19:39","modified_gmt":"2026-03-03T01:19:39","slug":"awards-history","status":"publish","type":"page","link":"https:\/\/www.valsmart.ec\/experiencial\/awards-history\/","title":{"rendered":"Metodolog\u00eda"},"content":{"rendered":"\t\t<div data-elementor-type=\"wp-page\" data-elementor-id=\"22025\" class=\"elementor elementor-22025\" data-elementor-post-type=\"page\">\n\t\t\t\t\t\t<section class=\"elementor-section elementor-top-section elementor-element elementor-element-633d835 wdt-history0tab-section elementor-section-height-min-height elementor-section-items-top elementor-section-content-top elementor-section-boxed elementor-section-height-default\" data-id=\"633d835\" data-element_type=\"section\" data-e-type=\"section\" data-settings=\"{&quot;background_background&quot;:&quot;classic&quot;}\">\n\t\t\t\t\t\t\t<div class=\"elementor-background-overlay\"><\/div>\n\t\t\t\t\t\t\t<div class=\"elementor-container elementor-column-gap-no\">\n\t\t\t\t\t<div class=\"elementor-column elementor-col-100 elementor-top-column elementor-element elementor-element-9f9bec1 wdt-tab-col\" data-id=\"9f9bec1\" data-element_type=\"column\" data-e-type=\"column\" data-settings=\"{&quot;background_background&quot;:&quot;classic&quot;}\">\n\t\t\t<div class=\"elementor-widget-wrap elementor-element-populated\">\n\t\t\t\t\t\t<section class=\"elementor-section elementor-inner-section elementor-element elementor-element-986f94c elementor-reverse-tablet elementor-section-full_width elementor-section-height-default elementor-section-height-default\" data-id=\"986f94c\" data-element_type=\"section\" data-e-type=\"section\" data-settings=\"{&quot;background_background&quot;:&quot;classic&quot;}\">\n\t\t\t\t\t\t<div class=\"elementor-container elementor-column-gap-no\">\n\t\t\t\t\t<div class=\"elementor-column elementor-col-50 elementor-inner-column elementor-element elementor-element-dfe68fb elementor-hidden-tablet elementor-hidden-mobile_extra elementor-hidden-mobile\" data-id=\"dfe68fb\" data-element_type=\"column\" data-e-type=\"column\">\n\t\t\t<div class=\"elementor-widget-wrap elementor-element-populated\">\n\t\t\t\t\t\t<div class=\"elementor-element elementor-element-8bb5633 elementor-widget__width-initial elementor-widget elementor-widget-image\" data-id=\"8bb5633\" data-element_type=\"widget\" data-e-type=\"widget\" data-widget_type=\"image.default\">\n\t\t\t\t<div class=\"elementor-widget-container\">\n\t\t\t\t\t\t\t\t\t\t\t\t\t\t\t<img fetchpriority=\"high\" decoding=\"async\" width=\"842\" height=\"296\" src=\"https:\/\/www.valsmart.ec\/experiencial\/wp-content\/uploads\/2023\/12\/logoweb2024.png\" class=\"attachment-large size-large wp-image-22816\" alt=\"\" srcset=\"https:\/\/www.valsmart.ec\/experiencial\/wp-content\/uploads\/2023\/12\/logoweb2024.png 842w, https:\/\/www.valsmart.ec\/experiencial\/wp-content\/uploads\/2023\/12\/logoweb2024-300x105.png 300w, https:\/\/www.valsmart.ec\/experiencial\/wp-content\/uploads\/2023\/12\/logoweb2024-768x270.png 768w\" sizes=\"(max-width: 842px) 100vw, 842px\" \/>\t\t\t\t\t\t\t\t\t\t\t\t\t\t\t<\/div>\n\t\t\t\t<\/div>\n\t\t\t\t<div class=\"elementor-element elementor-element-ae2c623 elementor-widget__width-initial elementor-widget elementor-widget-text-editor\" data-id=\"ae2c623\" data-element_type=\"widget\" data-e-type=\"widget\" data-widget_type=\"text-editor.default\">\n\t\t\t\t<div class=\"elementor-widget-container\">\n\t\t\t\t\t\t\t\t\t<h5>Todos nuestros talleres los desarrollamos con metodolog\u00eda experiencial CON \u00c9NFASIS EN MET\u00c1FORAS que permite construir aprendizajes significativos, a trav\u00e9s de generar insights en los participantes que los llevar\u00e1n a construir soluciones individuales y en equipo.<\/h5>\t\t\t\t\t\t\t\t<\/div>\n\t\t\t\t<\/div>\n\t\t\t\t\t<\/div>\n\t\t<\/div>\n\t\t\t\t<div class=\"elementor-column elementor-col-50 elementor-inner-column elementor-element elementor-element-07a77a8\" data-id=\"07a77a8\" data-element_type=\"column\" data-e-type=\"column\">\n\t\t\t<div class=\"elementor-widget-wrap elementor-element-populated\">\n\t\t\t\t\t\t<div class=\"elementor-element elementor-element-eb2764f elementor-widget__width-initial elementor-widget elementor-widget-image\" data-id=\"eb2764f\" data-element_type=\"widget\" data-e-type=\"widget\" data-widget_type=\"image.default\">\n\t\t\t\t<div class=\"elementor-widget-container\">\n\t\t\t\t\t\t\t\t\t\t\t\t\t\t\t<img decoding=\"async\" width=\"1920\" height=\"1282\" src=\"https:\/\/www.valsmart.ec\/experiencial\/wp-content\/uploads\/2023\/03\/blog-new-1.jpg\" class=\"attachment-full size-full wp-image-22704\" alt=\"\" srcset=\"https:\/\/www.valsmart.ec\/experiencial\/wp-content\/uploads\/2023\/03\/blog-new-1.jpg 1920w, https:\/\/www.valsmart.ec\/experiencial\/wp-content\/uploads\/2023\/03\/blog-new-1-1000x668.jpg 1000w, https:\/\/www.valsmart.ec\/experiencial\/wp-content\/uploads\/2023\/03\/blog-new-1-300x200.jpg 300w, https:\/\/www.valsmart.ec\/experiencial\/wp-content\/uploads\/2023\/03\/blog-new-1-768x513.jpg 768w, https:\/\/www.valsmart.ec\/experiencial\/wp-content\/uploads\/2023\/03\/blog-new-1-1024x684.jpg 1024w, https:\/\/www.valsmart.ec\/experiencial\/wp-content\/uploads\/2023\/03\/blog-new-1-1536x1026.jpg 1536w, https:\/\/www.valsmart.ec\/experiencial\/wp-content\/uploads\/2023\/03\/blog-new-1-960x640.jpg 960w\" sizes=\"(max-width: 1920px) 100vw, 1920px\" \/>\t\t\t\t\t\t\t\t\t\t\t\t\t\t\t<\/div>\n\t\t\t\t<\/div>\n\t\t\t\t\t<\/div>\n\t\t<\/div>\n\t\t\t\t\t<\/div>\n\t\t<\/section>\n\t\t\t\t\t<\/div>\n\t\t<\/div>\n\t\t\t\t\t<\/div>\n\t\t<\/section>\n\t\t\t\t<section class=\"elementor-section elementor-top-section elementor-element elementor-element-b2791d8 three-column-grid elementor-section-boxed elementor-section-height-default elementor-section-height-default\" data-id=\"b2791d8\" data-element_type=\"section\" data-e-type=\"section\" data-settings=\"{&quot;background_background&quot;:&quot;classic&quot;}\">\n\t\t\t\t\t\t<div class=\"elementor-container elementor-column-gap-default\">\n\t\t\t\t\t<div class=\"elementor-column elementor-col-50 elementor-top-column elementor-element elementor-element-7c1387a animated-fast elementor-invisible\" data-id=\"7c1387a\" data-element_type=\"column\" data-e-type=\"column\" data-settings=\"{&quot;animation&quot;:&quot;fadeInLeft&quot;,&quot;animation_delay&quot;:100}\">\n\t\t\t<div class=\"elementor-widget-wrap elementor-element-populated\">\n\t\t\t\t\t\t<div class=\"elementor-element elementor-element-2aaa58e elementor-widget elementor-widget-image\" data-id=\"2aaa58e\" data-element_type=\"widget\" data-e-type=\"widget\" data-widget_type=\"image.default\">\n\t\t\t\t<div class=\"elementor-widget-container\">\n\t\t\t\t\t\t\t\t\t\t\t\t\t\t\t<img decoding=\"async\" width=\"810\" height=\"810\" src=\"https:\/\/www.valsmart.ec\/experiencial\/wp-content\/uploads\/2024\/01\/dis2.png\" class=\"attachment-full size-full wp-image-23005\" alt=\"\" srcset=\"https:\/\/www.valsmart.ec\/experiencial\/wp-content\/uploads\/2024\/01\/dis2.png 810w, https:\/\/www.valsmart.ec\/experiencial\/wp-content\/uploads\/2024\/01\/dis2-300x300.png 300w, https:\/\/www.valsmart.ec\/experiencial\/wp-content\/uploads\/2024\/01\/dis2-150x150.png 150w, https:\/\/www.valsmart.ec\/experiencial\/wp-content\/uploads\/2024\/01\/dis2-768x768.png 768w, https:\/\/www.valsmart.ec\/experiencial\/wp-content\/uploads\/2024\/01\/dis2-100x100.png 100w\" sizes=\"(max-width: 810px) 100vw, 810px\" \/>\t\t\t\t\t\t\t\t\t\t\t\t\t\t\t<\/div>\n\t\t\t\t<\/div>\n\t\t\t\t\t<\/div>\n\t\t<\/div>\n\t\t\t\t<div class=\"elementor-column elementor-col-50 elementor-top-column elementor-element elementor-element-4ae1f0e\" data-id=\"4ae1f0e\" data-element_type=\"column\" data-e-type=\"column\">\n\t\t\t<div class=\"elementor-widget-wrap elementor-element-populated\">\n\t\t\t\t\t\t<div class=\"elementor-element elementor-element-c31fbee animated-fast elementor-invisible elementor-widget elementor-widget-text-editor\" data-id=\"c31fbee\" data-element_type=\"widget\" data-e-type=\"widget\" data-settings=\"{&quot;_animation&quot;:&quot;fadeInUp&quot;,&quot;_animation_delay&quot;:100}\" data-widget_type=\"text-editor.default\">\n\t\t\t\t<div class=\"elementor-widget-container\">\n\t\t\t\t\t\t\t\t\t<ul><li><h5>Aprendizaje experiencial<\/h5><\/li><li><h5>Legos serious play<\/h5><\/li><li><h5>Coaching Play<\/h5><\/li><li><h5>Open cards<\/h5><\/li><li><h5>Points of you<\/h5><\/li><li><h5>Juegos de liderazgo<\/h5><\/li><li><h5>Coaching l\u00fadico y experiencial<\/h5><\/li><li><h5>Met\u00e1foras<\/h5><\/li><li><h5>Neurociencia<\/h5><\/li><li><h5>Koump\u00ed game juegos con prop\u00f3sito<\/h5><\/li><\/ul>\t\t\t\t\t\t\t\t<\/div>\n\t\t\t\t<\/div>\n\t\t\t\t\t<\/div>\n\t\t<\/div>\n\t\t\t\t\t<\/div>\n\t\t<\/section>\n\t\t\t\t<section class=\"elementor-section elementor-top-section elementor-element elementor-element-90ce0fa elementor-section-boxed elementor-section-height-default elementor-section-height-default\" data-id=\"90ce0fa\" data-element_type=\"section\" data-e-type=\"section\">\n\t\t\t\t\t\t<div class=\"elementor-container elementor-column-gap-no\">\n\t\t\t\t\t<div class=\"elementor-column elementor-col-100 elementor-top-column elementor-element elementor-element-743c8a7\" data-id=\"743c8a7\" data-element_type=\"column\" data-e-type=\"column\">\n\t\t\t<div class=\"elementor-widget-wrap elementor-element-populated\">\n\t\t\t\t\t\t<section class=\"elementor-section elementor-inner-section elementor-element elementor-element-9ff582f elementor-section-boxed elementor-section-height-default elementor-section-height-default\" data-id=\"9ff582f\" data-element_type=\"section\" data-e-type=\"section\" data-settings=\"{&quot;background_background&quot;:&quot;classic&quot;}\">\n\t\t\t\t\t\t\t<div class=\"elementor-background-overlay\"><\/div>\n\t\t\t\t\t\t\t<div class=\"elementor-container elementor-column-gap-no\">\n\t\t\t\t\t<div class=\"elementor-column elementor-col-100 elementor-inner-column elementor-element elementor-element-8d105cc\" data-id=\"8d105cc\" data-element_type=\"column\" data-e-type=\"column\">\n\t\t\t<div class=\"elementor-widget-wrap elementor-element-populated\">\n\t\t\t\t\t\t<div class=\"elementor-element elementor-element-5a11904 elementor-widget elementor-widget-image\" data-id=\"5a11904\" data-element_type=\"widget\" data-e-type=\"widget\" data-widget_type=\"image.default\">\n\t\t\t\t<div class=\"elementor-widget-container\">\n\t\t\t\t\t\t\t\t\t\t\t\t\t\t\t<img loading=\"lazy\" decoding=\"async\" width=\"1024\" height=\"657\" src=\"https:\/\/www.valsmart.ec\/experiencial\/wp-content\/uploads\/2023\/12\/logos2-1024x657.png\" class=\"attachment-large size-large wp-image-22914\" alt=\"\" srcset=\"https:\/\/www.valsmart.ec\/experiencial\/wp-content\/uploads\/2023\/12\/logos2-1024x657.png 1024w, https:\/\/www.valsmart.ec\/experiencial\/wp-content\/uploads\/2023\/12\/logos2-300x193.png 300w, https:\/\/www.valsmart.ec\/experiencial\/wp-content\/uploads\/2023\/12\/logos2-768x493.png 768w, https:\/\/www.valsmart.ec\/experiencial\/wp-content\/uploads\/2023\/12\/logos2-1000x642.png 1000w, https:\/\/www.valsmart.ec\/experiencial\/wp-content\/uploads\/2023\/12\/logos2.png 1402w\" sizes=\"(max-width: 1024px) 100vw, 1024px\" \/>\t\t\t\t\t\t\t\t\t\t\t\t\t\t\t<\/div>\n\t\t\t\t<\/div>\n\t\t\t\t\t<\/div>\n\t\t<\/div>\n\t\t\t\t\t<\/div>\n\t\t<\/section>\n\t\t\t\t\t<\/div>\n\t\t<\/div>\n\t\t\t\t\t<\/div>\n\t\t<\/section>\n\t\t\t\t<\/div>\n\t\t","protected":false},"excerpt":{"rendered":"<p>Todos nuestros talleres los desarrollamos con metodolog\u00eda experiencial CON \u00c9NFASIS EN MET\u00c1FORAS que permite construir aprendizajes significativos, a trav\u00e9s de generar insights en los participantes que los llevar\u00e1n a construir soluciones individuales y en equipo. Aprendizaje experiencial Legos serious play Coaching Play Open cards Points of you Juegos de liderazgo Coaching l\u00fadico y experiencial Met\u00e1foras [&hellip;]<\/p>\n","protected":false},"author":26,"featured_media":0,"parent":0,"menu_order":0,"comment_status":"closed","ping_status":"closed","template":"elementor_header_footer","meta":{"footnotes":""},"class_list":["post-22025","page","type-page","status-publish","hentry"],"brizy_media":[],"_links":{"self":[{"href":"https:\/\/www.valsmart.ec\/experiencial\/wp-json\/wp\/v2\/pages\/22025","targetHints":{"allow":["GET"]}}],"collection":[{"href":"https:\/\/www.valsmart.ec\/experiencial\/wp-json\/wp\/v2\/pages"}],"about":[{"href":"https:\/\/www.valsmart.ec\/experiencial\/wp-json\/wp\/v2\/types\/page"}],"author":[{"embeddable":true,"href":"https:\/\/www.valsmart.ec\/experiencial\/wp-json\/wp\/v2\/users\/26"}],"replies":[{"embeddable":true,"href":"https:\/\/www.valsmart.ec\/experiencial\/wp-json\/wp\/v2\/comments?post=22025"}],"version-history":[{"count":18,"href":"https:\/\/www.valsmart.ec\/experiencial\/wp-json\/wp\/v2\/pages\/22025\/revisions"}],"predecessor-version":[{"id":23181,"href":"https:\/\/www.valsmart.ec\/experiencial\/wp-json\/wp\/v2\/pages\/22025\/revisions\/23181"}],"wp:attachment":[{"href":"https:\/\/www.valsmart.ec\/experiencial\/wp-json\/wp\/v2\/media?parent=22025"}],"curies":[{"name":"wp","href":"https:\/\/api.w.org\/{rel}","templated":true}]}}